e 16?
2
199 (base 10) to base 7
403
Convert 155 (base 11) to base 12.
131
Convert 7b (base 12) to base 13.
74
-100 (base 4) to base 14
-12
1011 (base 2) to base 16
b
Convert -10 (base 15) to base 3.
-120
Convert -311 (base 5) to base 14.
-5b
What is -14 (base 6) in base 4?
-22
-52 (base 15) to base 3
-2212
Convert 7 (base 11) to base 14.
7
Convert -3 (base 12) to base 8.
-3
a (base 11) to base 8
12
What is -76 (base 11) in base 9?
-102
What is 111 (base 5) in base 8?
37
2 (base 14) to base 11
2
Convert 7 (base 14) to base 12.
7
Convert e0 (base 15) to base 16.
d2
-66 (base 12) to base 7
-141
-24 (base 14) to base 8
-40
What is -12 (base 3) in base 16?
-5
1010011 (base 2) to base 15
58
What is -1313 (base 4) in base 14?
-87
Convert 13 (base 7) to base 13.
a
What is 175 (base 8) in base 4?
1331
-3 (base 5) to base 8
-3
51 (base 10) to base 13
3c
Convert -6a (base 14) to base 3.
-10111
-2 (base 6) to base 12
-2
Convert -24 (base 10) to base 2.
-11000
-8e (base 16) to base 13
-ac
-4d (base 16) to base 3
-2212
What is -4 (base 14) in base 5?
-4
1 (base 7) to base 5
1
What is 2 (base 16) in base 6?
2
What is -2033 (base 4) in base 13?
-b0
13 (base 9) to base 5
22
What is -1010 (base 2) in base 11?
-a
Convert 1 (base 9) to base 2.
1
-2 (base 6) to base 8
-2
What is 15 (base 9) in base 2?
1110
15 (base 13) to base 15
13
-10201 (base 3) to base 9
-121
Convert 0 (base 12) to base 15.
0
What is -20 (base 13) in base 7?
-35
-10000 (base 2) to base 6
-24
Convert -6 (base 14) to base 2.
-110
What is 2 (base 9) in base 4?
2
Convert 48 (base 15) to base 13.
53
1 (base 5) to base 9
1
-12 (base 4) to base 6
-10
7 (base 16) to base 6
11
1 (base 7) to base 8
1
20 (base 3) to base 12
6
-100100001 (base 2) to base 13
-193
0 (base 6) to base 10
0
What is 110012 (base 3) in base 12?
235
Convert 26 (base 10) to base 6.
42
Convert -110 (base 4) to base 6.
-32
Convert -11121 (base 3) to base 16.
-7c
-112 (base 4) to base 9
-24
What is 21 (base 6) in base 13?
10
What is -2 (base 12) in base 15?
-2
What is -1210 (base 4) in base 12?
-84
11 (base 5) to base 13
6
What is 130 (base 9) in base 12?
90
Convert 0 (base 9) to base 12.
0
Convert 54 (base 7) to base 10.
39
What is 0 (base 9) in base 14?
0
Convert 110 (base 2) to base 14.
6
18 (base 13) to base 2
10101
-54 (base 13) to base 3
-2120
-4 (base 12) to base 7
-4
What is -55 (base 13) in base 14?
-50
-26 (base 10) to base 3
-222
Convert -7 (base 10) to base 2.
-111
What is -14 (base 15) in base 16?
-13
Convert -4 (base 5) to base 7.
-4
Convert 1 (base 4) to base 8.
1
Convert -1a (base 12) to base 9.
-24
Convert 7 (base 16) to base 6.
11
Convert 110 (base 2) to base 15.
6
Convert -19 (base 16) to base 4.
-121
Convert 24 (base 5) to base 2.
1110
1201 (base 3) to base 4
232
What is 10 (base 11) in base 2?
1011
1 (base 16) to base 6
1
What is -1 (base 13) in base 4?
-1
Convert -212 (base 3) to base 5.
-43
29 (base 14) to base 6
101
-175 (base 9) to base 15
-9e
-12 (base 11) to base 8
-15
What is -2 (base 7) in base 12?
-2
What is 25 (base 11) in base 9?
30
Convert 12 (base 9) to base 7.
14
Convert -1 (base 16) to base 6.
-1
Convert 11 (base 2) to base 4.
3
What is 1 (base 6) in base 5?
1
What is 2 (base 13) in base 6?
2
What is -a (base 11) in base 15?
-a
Convert -3 (base 8) to base 14.
-3
What is 167 (base 14) in base 9?
348
19 (base 15) to base 8
30
What is 2 (base 14) in base 10?
2
61 (base 14) to base 10
85
-1 (base 9) to base 12
-1
Convert -20 (base 16) to base 13.
-26
What is 122 (base 3) in base 14?
13
What is -5 (base 12) in base 8?
-5
What is 2 (base 7) in base 9?
2
-b (base 16) to base 14
-b
What is 34 (base 11) in base 8?
45
Convert -66 (base 9) to base 13.
-48
What is -61 (base 14) in base 8?
-125
12 (base 3) to base 14
5
c2 (base 14) to base 3
20022
What is -13 (base 5) in base 15?
-8
-4 (base 5) to base 9
-4
Convert -2 (base 9) to base 11.
-2
-113 (base 4) to base 5
-43
Convert 28 (base 9) to base 2.
11010
Convert 206 (base 7) to base 12.
88
Convert 11 (base 2) to base 5.
3
What is -13 (base 10) in base 4?
-31
-3 (base 10) to base 9
-3
What is -190 (base 13) in base 7?
-556
What is 2 (base 3) in base 9?
2
Convert -47 (base 13) to base 8.
-73
-12 (base 9) to base 3
-102
Convert -34 (base 6) to base 15.
-17
Convert -23 (base 5) to base 9.
-14
What is -46 (base 11) in base 15?
-35
c (base 13) to base 9
13
Convert 10 (base 2) to base 15.
2
What is 1b (base 14) in base 10?
25
What is 1 (base 6) in base 9?
1
12 (base 8) to base 9
11
-10 (base 8) to base 4
-20
11 (base 3) to base 15
4
What is 138 (base 12) in base 2?
10111100
-121 (base 3) to base 9
-17
What is 11 (base 8) in base 11?
9
Convert -5 (base 13) to base 3.
-12
Convert -38 (base 15) to base 4.
-311
What is -1110000 (base 2) in base 7?
-220
Convert -1111100 (base 2) to base 9.
-147
What is 131 (base 7) in base 14?
51
What is 15 (base 10) in base 13?
12
-52 (base 11) to base 8
-71
-112010 (base 3) to base 2
-101111101
What is -1322 (base 4) in base 5?
-442
-2 (base 3) to base 10
-2
Convert 16 (base 8) to base 13.
11
Convert -11 (base 6) to base 16.
-7
What is -35 (base 7) in base 10?
-26
Convert 1b (base 14) to base 9.
27
Convert -89 (base 10) to base 9.
-108
-5 (base 15) to base 4
-11
Convert 129 (base 16) to base 14.
173
-d (base 16) to base 4
-31
Convert -4 (base 12) to base 15.
-4
-61 (base 8) to base 10
-49
31 (base 10) to base 8
37
What is 282 (base 10) in base 2?
100011010
21 (base 5) to base 9
12
32 (base 5) to base 15
12
What is 1110 (base 3) in base 12?
33
What is -1 (base 8) in base 14?
-1
What is -111 (base 2) in base 14?
-7
What is 9 (base 12) in base 4?
21
What is 5 (base 16) in base 5?
10
2 (base 3) to base 16
2
37 (base 13) to base 4
232
Convert -b (base 12) to base 7.
-14
-3 (base 16) to base 3
-10
32 (base 6) to base 2
10100
What is 14 (base 14) in base 16?
12
-11111 (base 2) to base 4
-133
What is 0 (base 5) in base 2?
0
What is 62 (base 16) in base 13?
77
Convert 2 (base 9) to base 16.
2
Convert 15 (base 8) to base 16.
d
-bf (base 16) to base 12
-13b
Convert -201 (base 3) to base 15.
-14
What is 4 (base 12) in base 10?
4
What is 20 (base 7) in base 9?
15
10 (base 3) to base 9
3
Convert -11 (base 2) to base 8.
-3
Convert -54 (base 14) to base 12.
-62
3 (base 11) to base 13
3
Convert 3 (base 9) to base 12.
3
What is -138 (base 11) in base 9?
-200
2 (base 5) to base 4
2
What is -2e (base 15) in base 3?
-1122
Convert -100000 (base 2) to base 15.
-22
13 (base 15) to base 4
102
What is 41 (base 5) in base 7?
30
Convert 5 (base 10) to base 13.
5
What is -11 (base 9) in base 13?
-a
-33 (base 6) to base 11
-1a
-21 (base 3) to base 13
-7
Convert -5 (base 14) to base 13.
-5
What is -15 (base 6) in base 12?
-b
What is 3 (base 6) in base 14?
3
Convert -35 (base 9) to base 15.
-22
What is 2 (base 10) in base 7?
2
253 (base 6) to base 7
210
-14 (base 6) to base 13
-a
What is -27 (base 12) in base 2?
-11111
What is -4 (base 8) in base 15?
-4
Convert -22 (base 5) to base 3.
-110
-4 (base 16) to base 8
-4
What is -29 (base 12) in base 4?
-201
What is 0 (base 5) in base 2?
0
What is 11 (base 3) in base 15?
4
What is 11 (base 9) in base 5?
20
Convert 3 (base 7) to base 10.
3
Convert 0 (base 8) to base 9.
0
What is -7c (base 14) in base 7?
-215
Convert -1 (base 4) to base 9.
-1
Convert 22 (base 7) to base 3.
121
-10 (base 16) to base 5
-31
What is 6 (base 10) in base 6?
10
Convert 120 (base 4) to base 3.
220
5 (base 12) to base 8
5
What is 10 (base 10) in base 14?
a
Convert -75 (base 14) to base 16.
-67
What is 40 (base 6) in base 15?
19
What is 224 (base 6) in base 15?
5d
What is 5d (base 14) in base 7?
146
What is -3e (base 15) in base 6?
-135
What is 33 (base 5) in base 8?
22
Convert -433 (base 6) to base 14.
-bb
Convert a (base 15) to base 11.
a
-3 (base 4) to base 13
-3
Convert -cb (base 15) to base 10.
-191
-4 (base 8) to base 7
-4
Convert 100000 (base 2) to base 6.
52
What is -200 (base 5) in base 13?
-3b
What is 20 (base 8) in base 3?
121
What is 5 (base 15) in base 9?
5
What is 11012 (base 3) in base 10?
113
Convert 115 (base 6) to base 8.
57
10 (base 9) to base 7
12
What is -102 (base 4) in base 6?
-30
What is 5 (base 8) in base 14?
5
Convert -111 (base 4) to base 5.
-41
What is -23 (base 7) in base 9?
-18
24 (base 7) to base 8
22
What is 9 (base